{"id":61,"date":"2012-01-04T15:34:18","date_gmt":"2012-01-04T14:34:18","guid":{"rendered":"http:\/\/web143.016.netroom.de\/kita\/?page_id=61"},"modified":"2021-01-12T11:39:23","modified_gmt":"2021-01-12T10:39:23","slug":"trager","status":"publish","type":"page","link":"https:\/\/www.ev-fmz-menschenkinder.de\/?page_id=61","title":{"rendered":"Tr\u00e4ger"},"content":{"rendered":"<p><strong>Tr\u00e4gerinfos:<\/strong><\/p>\n<p>Der Tr\u00e4ger des Evangelischen Familienzentrums Menschenkinder ist das<\/p>\n<header class=\"section-header03\"><strong>Kita-Referat<\/strong><br \/>\nEv. Kirchenkreis an Sieg und Rhein<br \/>\nZeughausstra\u00dfe 7-9,<br \/>\n53721 Siegburg<\/header>\n<p>Ansprechpartnerin f\u00fcr das Kitareferat ist <strong>Stephanie Kola<\/strong>.<\/p>\n<p>Tel.: 02241-549477<br \/>\nE-Mail: <a id=\"ext-gen1718\" href=\"mailto:kita-referat.ansiegundrhein@ekir.de\">kita-referat.ansiegundrhein@ekir.de<\/a><\/p>\n<p>N\u00e4here Informationen \u00fcber die Kirchengemeinde finden sie unter\u00a0\u00a0<a href=\"http:\/\/www.ev-kirche-niederpleis.de\/\" target=\"_blank\" rel=\"noopener noreferrer\">www.ev-kirche-niederpleis.de<\/a>.<\/p>\n<p>&nbsp;<\/p>\n","protected":false},"excerpt":{"rendered":"<p>Tr\u00e4gerinfos: Der Tr\u00e4ger des Evangelischen Familienzentrums Menschenkinder ist das Kita-Referat Ev. Kirchenkreis an Sieg und Rhein Zeughausstra\u00dfe 7-9, 53721 Siegburg Ansprechpartnerin f\u00fcr das Kitareferat ist Stephanie Kola. Tel.: 02241-549477 E-Mail: kita-referat.ansiegundrhein@ekir.de N\u00e4here Informationen \u00fcber die Kirchengemeinde finden sie unter\u00a0\u00a0www.ev-kirche-niederpleis.de. &nbsp;<\/p>\n","protected":false},"author":20,"featured_media":0,"parent":0,"menu_order":8,"comment_status":"closed","ping_status":"closed","template":"","meta":{"footnotes":""},"class_list":["post-61","page","type-page","status-publish","hentry"],"_links":{"self":[{"href":"https:\/\/www.ev-fmz-menschenkinder.de\/index.php?rest_route=\/wp\/v2\/pages\/61","targetHints":{"allow":["GET"]}}],"collection":[{"href":"https:\/\/www.ev-fmz-menschenkinder.de\/index.php?rest_route=\/wp\/v2\/pages"}],"about":[{"href":"https:\/\/www.ev-fmz-menschenkinder.de\/index.php?rest_route=\/wp\/v2\/types\/page"}],"author":[{"embeddable":true,"href":"https:\/\/www.ev-fmz-menschenkinder.de\/index.php?rest_route=\/wp\/v2\/users\/20"}],"replies":[{"embeddable":true,"href":"https:\/\/www.ev-fmz-menschenkinder.de\/index.php?rest_route=%2Fwp%2Fv2%2Fcomments&post=61"}],"version-history":[{"count":16,"href":"https:\/\/www.ev-fmz-menschenkinder.de\/index.php?rest_route=\/wp\/v2\/pages\/61\/revisions"}],"predecessor-version":[{"id":3599,"href":"https:\/\/www.ev-fmz-menschenkinder.de\/index.php?rest_route=\/wp\/v2\/pages\/61\/revisions\/3599"}],"wp:attachment":[{"href":"https:\/\/www.ev-fmz-menschenkinder.de\/index.php?rest_route=%2Fwp%2Fv2%2Fmedia&parent=61"}],"curies":[{"name":"wp","href":"https:\/\/api.w.org\/{rel}","templated":true}]}}

Träger

<p><strong>Trägerinfos:</strong></p>
<p>Der Träger des Evangelischen Familienzentrums Menschenkinder ist das</p>
<header class="section-header03"><strong>Kita-Referat</strong><br />
Ev. Kirchenkreis an Sieg und Rhein<br />
Zeughausstraße 7-9,<br />
53721 Siegburg</header>
<p>Ansprechpartnerin für das Kitareferat ist <strong>Stephanie Kola</strong>.</p>
<p>Tel.: 02241-549477<br />
E-Mail: <a id="ext-gen1718" href="mailto:kita-referat.ansiegundrhein@ekir.de">kita-referat.ansiegundrhein@ekir.de</a></p>
<p>Nähere Informationen über die Kirchengemeinde finden sie unter  <a href="http://www.ev-kirche-niederpleis.de/" target="_blank" rel="noopener noreferrer">www.ev-kirche-niederpleis.de</a>.</p>
<p>&nbsp;</p>

<p>Trägerinfos: Der Träger des Evangelischen Familienzentrums Menschenkinder ist das Kita-Referat Ev. Kirchenkreis an Sieg und Rhein Zeughausstraße 7-9, 53721 Siegburg Ansprechpartnerin für das Kitareferat ist Stephanie Kola. Tel.: 02241-549477 E-Mail: kita-referat.ansiegundrhein@ekir.de Nähere Informationen über die Kirchengemeinde finden sie unter  www.ev-kirche-niederpleis.de. &nbsp;</p>
