{"id":57,"date":"2012-01-04T15:33:51","date_gmt":"2012-01-04T14:33:51","guid":{"rendered":"http:\/\/web143.016.netroom.de\/kita\/?page_id=57"},"modified":"2016-02-03T15:41:18","modified_gmt":"2016-02-03T14:41:18","slug":"kooperation","status":"publish","type":"page","link":"https:\/\/www.ev-fmz-menschenkinder.de\/?page_id=57","title":{"rendered":"Kooperation"},"content":{"rendered":"<h3><strong>Unsere Kooperationspartner \u2026<\/strong><\/h3>\n<ul>\n<li><a title=\"Der Karren e.V.\" href=\"https:\/\/www.ev-fmz-menschenkinder.de\/?page_id=79\">Der Karren e.V.<\/a><\/li>\n<li><a title=\"Ev. Erw.-bildung\" href=\"https:\/\/www.ev-fmz-menschenkinder.de\/?page_id=86\">Evangelische Erwachsenenbildung<\/a><\/li>\n<li><a title=\"Kinderschutzbund\" href=\"https:\/\/www.ev-fmz-menschenkinder.de\/?page_id=90\">Deutscher Kinderschutzbund<\/a><\/li>\n<li><a title=\"Fachstelle Kindertagspflege\" href=\"https:\/\/www.ev-fmz-menschenkinder.de\/?page_id=166\">Fachstellen f\u00fcr Kindertagespflege der Stadt Sankt Augustin<\/a><\/li>\n<li><a title=\"Diakonisches Werk\" href=\"https:\/\/www.ev-fmz-menschenkinder.de\/?page_id=168\">Diakonisches Werk des Ev. Kirchenkreises An Sieg und Rhein<\/a><\/li>\n<li><a title=\"Fr\u00fchf\u00f6rderung\" href=\"https:\/\/www.ev-fmz-menschenkinder.de\/?page_id=170\">Fr\u00fchf\u00f6rderung<\/a><\/li>\n<li><a title=\"Familienberatungsstelle\" href=\"https:\/\/www.ev-fmz-menschenkinder.de\/?page_id=172\">Familienberatungsstelle<\/a><\/li>\n<li><a title=\"Diakoniesprechstunde\" href=\"https:\/\/www.ev-fmz-menschenkinder.de\/?page_id=176\">Diakoniesprechstunde<\/a><\/li>\n<li><a href=\"http:\/\/www.kinderaerzteimnetz.de\/aerzte\/arzt_2350.html\">Kinderarztpraxis Dr. Claudia Hartmann<\/a><\/li>\n<li><a href=\"http:\/\/www.lebenshilfe-nrw.de\/de\/dienstleistungen_einrichtungen\/bildungs_erholungsstaetten\/familienbildungsstaette_st_augustin.php\">Familienbildungsst\u00e4tte der Lebenshilfe Bildung NRW gemeinn. GmbH<\/a><\/li>\n<li><a href=\"http:\/\/www.wasel.net\/\">Krankengymnastik-Praxis Wasel-Ziegert<\/a><\/li>\n<\/ul>\n","protected":false},"excerpt":{"rendered":"<p>Unsere Kooperationspartner \u2026 Der Karren e.V. Evangelische Erwachsenenbildung Deutscher Kinderschutzbund Fachstellen f\u00fcr Kindertagespflege der Stadt Sankt Augustin Diakonisches Werk des Ev. Kirchenkreises An Sieg und Rhein Fr\u00fchf\u00f6rderung Familienberatungsstelle Diakoniesprechstunde Kinderarztpraxis Dr. Claudia Hartmann Familienbildungsst\u00e4tte der Lebenshilfe Bildung NRW gemeinn. GmbH Krankengymnastik-Praxis Wasel-Ziegert<\/p>\n","protected":false},"author":20,"featured_media":0,"parent":0,"menu_order":6,"comment_status":"closed","ping_status":"closed","template":"","meta":{"footnotes":""},"class_list":["post-57","page","type-page","status-publish","hentry"],"_links":{"self":[{"href":"https:\/\/www.ev-fmz-menschenkinder.de\/index.php?rest_route=\/wp\/v2\/pages\/57","targetHints":{"allow":["GET"]}}],"collection":[{"href":"https:\/\/www.ev-fmz-menschenkinder.de\/index.php?rest_route=\/wp\/v2\/pages"}],"about":[{"href":"https:\/\/www.ev-fmz-menschenkinder.de\/index.php?rest_route=\/wp\/v2\/types\/page"}],"author":[{"embeddable":true,"href":"https:\/\/www.ev-fmz-menschenkinder.de\/index.php?rest_route=\/wp\/v2\/users\/20"}],"replies":[{"embeddable":true,"href":"https:\/\/www.ev-fmz-menschenkinder.de\/index.php?rest_route=%2Fwp%2Fv2%2Fcomments&post=57"}],"version-history":[{"count":19,"href":"https:\/\/www.ev-fmz-menschenkinder.de\/index.php?rest_route=\/wp\/v2\/pages\/57\/revisions"}],"predecessor-version":[{"id":2733,"href":"https:\/\/www.ev-fmz-menschenkinder.de\/index.php?rest_route=\/wp\/v2\/pages\/57\/revisions\/2733"}],"wp:attachment":[{"href":"https:\/\/www.ev-fmz-menschenkinder.de\/index.php?rest_route=%2Fwp%2Fv2%2Fmedia&parent=57"}],"curies":[{"name":"wp","href":"https:\/\/api.w.org\/{rel}","templated":true}]}}

<h3><strong>Unsere Kooperationspartner …</strong></h3>
<ul>
<li><a title="Der Karren e.V." href="https://www.ev-fmz-menschenkinder.de/?page_id=79">Der Karren e.V.</a></li>
<li><a title="Ev. Erw.-bildung" href="https://www.ev-fmz-menschenkinder.de/?page_id=86">Evangelische Erwachsenenbildung</a></li>
<li><a title="Kinderschutzbund" href="https://www.ev-fmz-menschenkinder.de/?page_id=90">Deutscher Kinderschutzbund</a></li>
<li><a title="Fachstelle Kindertagspflege" href="https://www.ev-fmz-menschenkinder.de/?page_id=166">Fachstellen für Kindertagespflege der Stadt Sankt Augustin</a></li>
<li><a title="Diakonisches Werk" href="https://www.ev-fmz-menschenkinder.de/?page_id=168">Diakonisches Werk des Ev. Kirchenkreises An Sieg und Rhein</a></li>
<li><a title="Frühförderung" href="https://www.ev-fmz-menschenkinder.de/?page_id=170">Frühförderung</a></li>
<li><a title="Familienberatungsstelle" href="https://www.ev-fmz-menschenkinder.de/?page_id=172">Familienberatungsstelle</a></li>
<li><a title="Diakoniesprechstunde" href="https://www.ev-fmz-menschenkinder.de/?page_id=176">Diakoniesprechstunde</a></li>
<li><a href="http://www.kinderaerzteimnetz.de/aerzte/arzt_2350.html">Kinderarztpraxis Dr. Claudia Hartmann</a></li>
<li><a href="http://www.lebenshilfe-nrw.de/de/dienstleistungen_einrichtungen/bildungs_erholungsstaetten/familienbildungsstaette_st_augustin.php">Familienbildungsstätte der Lebenshilfe Bildung NRW gemeinn. GmbH</a></li>
<li><a href="http://www.wasel.net/">Krankengymnastik-Praxis Wasel-Ziegert</a></li>
</ul>

<p>Unsere Kooperationspartner … Der Karren e.V. Evangelische Erwachsenenbildung Deutscher Kinderschutzbund Fachstellen für Kindertagespflege der Stadt Sankt Augustin Diakonisches Werk des Ev. Kirchenkreises An Sieg und Rhein Frühförderung Familienberatungsstelle Diakoniesprechstunde Kinderarztpraxis Dr. Claudia Hartmann Familienbildungsstätte der Lebenshilfe Bildung NRW gemeinn. GmbH Krankengymnastik-Praxis Wasel-Ziegert</p>
