{"id":31,"date":"2012-01-04T14:23:31","date_gmt":"2012-01-04T13:23:31","guid":{"rendered":"http:\/\/web143.016.netroom.de\/kita\/?page_id=31"},"modified":"2025-01-08T07:16:02","modified_gmt":"2025-01-08T06:16:02","slug":"unsere-gruppen","status":"publish","type":"page","link":"https:\/\/www.ev-fmz-menschenkinder.de\/?page_id=31","title":{"rendered":"Unsere Gruppen"},"content":{"rendered":"<div dir=\"auto\"><\/div>\n<div style=\"width: 630px;\" class=\"wp-video\"><!--[if lt IE 9]><script>document.createElement('video');<\/script><![endif]-->\n<video class=\"wp-video-shortcode\" id=\"video-31-1\" width=\"630\" height=\"354\" preload=\"metadata\" controls=\"controls\"><source type=\"video\/mp4\" src=\"https:\/\/www.ev-fmz-menschenkinder.de\/wp-content\/uploads\/2021\/06\/1Herzlich-Willkommen-in-unserem-Familienzentrum.mp4?_=1\" \/><a href=\"https:\/\/www.ev-fmz-menschenkinder.de\/wp-content\/uploads\/2021\/06\/1Herzlich-Willkommen-in-unserem-Familienzentrum.mp4\">https:\/\/www.ev-fmz-menschenkinder.de\/wp-content\/uploads\/2021\/06\/1Herzlich-Willkommen-in-unserem-Familienzentrum.mp4<\/a><\/video><\/div>\n<h3>Unsere Kita-Gruppen \u2013 Ein Einblick<\/h3>\n<p>Wir freuen wir uns, Ihnen \u00a0einen kleinen Einblick in unsere Familienzentrum bieten zu k\u00f6nnen. Besonders f\u00fcr neue Familien, die sich f\u00fcr unsere Kita interessieren, aber auch f\u00fcr unsere bestehenden Eltern, m\u00f6chten wir mit einer liebevoll gestalteten Diashow ein Gef\u00fchl f\u00fcr unsere Einrichtung vermitteln. Viel Vergn\u00fcgen beim Anschauen! Bei Fragen erreichen Sie uns jederzeit gerne unter <strong><a rel=\"noopener\">ev.fmz-menschenkinder@ekir.de<\/a><\/strong>. \ud83d\ude0a<\/p>\n<hr \/>\n<h3>Unsere Kita und ihre Gruppen<\/h3>\n<p>In unserer Kita betreuen wir zurzeit <strong>45 Kinder im Alter von einem bis sechs Jahren<\/strong> in drei liebevoll gestalteten Gruppen:<\/p>\n<ul>\n<li><strong>Gelbe Gruppe<\/strong><\/li>\n<li><strong>Blaue Gruppe<\/strong><\/li>\n<li><strong>Rote Gruppe<\/strong><\/li>\n<\/ul>\n<p>Unser Familienzentrum bietet eine Vielfalt an Betreuungsformen gem\u00e4\u00df dem Kinderbildungsgesetz (KiBiZ):<\/p>\n<ul>\n<li><strong>Gruppenform I \u2013 Gelbe Gruppe<\/strong><br \/>\n18 Kinder im Alter von 2\u20136 Jahren, darunter f\u00fcnf Kinder mit erh\u00f6htem F\u00f6rderbedarf (geb\u00fcndelte Einzelintegration).<\/li>\n<li><strong>Gruppenform II \u2013 Blaue Gruppe<\/strong><br \/>\n10 Kinder im Alter von 0\u20133 Jahren.<\/li>\n<li><strong>Gruppenform III \u2013 Rote Gruppe<\/strong><br \/>\n19 Kinder im Alter von 3\u20136 Jahren, darunter ein Kind mit erh\u00f6htem F\u00f6rderbedarf (geb\u00fcndelte Einzelintegration).<\/li>\n<\/ul>\n<hr \/>\n<h3>Unsere R\u00e4umlichkeiten<\/h3>\n<p>Alle Gruppenr\u00e4ume sind kindgerecht und mit Funktionsecken wie Fr\u00fchst\u00fccksbereich, Kreativbereich, Bauecke, Puppenecke sowie Regalen mit Spiel- und Konstruktionsmaterialien ausgestattet. Jeder Gruppe stehen zudem folgende R\u00e4umlichkeiten zur Verf\u00fcgung:<\/p>\n<ul>\n<li><strong>Waschraum:<\/strong> Mit zwei Toiletten, Wickelbereich und Garderobe.<\/li>\n<li><strong>Nebenraum:<\/strong> Individuell gestaltet, um den Bed\u00fcrfnissen der Kinder gerecht zu werden:\n<ul>\n<li>Der Nebenraum der <strong>Roten Gruppe<\/strong> wird flexibel nach den W\u00fcnschen der Kinder umgestaltet.<\/li>\n<li>Der Nebenraum der <strong>Gelben Gruppe<\/strong> ist ein Tobe- und Bewegungsraum mit einer Hochebene, um ihrem nat\u00fcrlichen Bewegungsdrang gerecht zu werden. Daneben gibt es noch einen &#8218;Leiseraum&#8216;, der f\u00fcr Ruhe und Entspannung sorgt.<\/li>\n<li>Der Nebenraum der <strong>Blauen Gruppe<\/strong> dient als Bewegungsraum. Daneben gibt es noch einen<br \/>\nSchlafraum f\u00fcr die Kleinsten, um ihren individuellen Schlafrhythmus zu unterst\u00fctzen.<\/li>\n<\/ul>\n<\/li>\n<\/ul>\n<p>Wir freuen uns darauf, Ihnen unsere Kita und ihre vielf\u00e4ltigen M\u00f6glichkeiten n\u00e4herzubringen!<\/p>\n","protected":false},"excerpt":{"rendered":"<p>Unsere Kita-Gruppen \u2013 Ein Einblick Wir freuen wir uns, Ihnen \u00a0einen kleinen Einblick in unsere Familienzentrum bieten zu k\u00f6nnen. Besonders f\u00fcr neue Familien, die sich f\u00fcr unsere Kita interessieren, aber auch f\u00fcr unsere bestehenden Eltern, m\u00f6chten wir mit einer liebevoll gestalteten Diashow ein Gef\u00fchl f\u00fcr unsere Einrichtung vermitteln. Viel Vergn\u00fcgen beim Anschauen! Bei Fragen erreichen [&hellip;]<\/p>\n","protected":false},"author":20,"featured_media":0,"parent":21,"menu_order":1,"comment_status":"closed","ping_status":"closed","template":"","meta":{"footnotes":""},"class_list":["post-31","page","type-page","status-publish","hentry"],"_links":{"self":[{"href":"https:\/\/www.ev-fmz-menschenkinder.de\/index.php?rest_route=\/wp\/v2\/pages\/31","targetHints":{"allow":["GET"]}}],"collection":[{"href":"https:\/\/www.ev-fmz-menschenkinder.de\/index.php?rest_route=\/wp\/v2\/pages"}],"about":[{"href":"https:\/\/www.ev-fmz-menschenkinder.de\/index.php?rest_route=\/wp\/v2\/types\/page"}],"author":[{"embeddable":true,"href":"https:\/\/www.ev-fmz-menschenkinder.de\/index.php?rest_route=\/wp\/v2\/users\/20"}],"replies":[{"embeddable":true,"href":"https:\/\/www.ev-fmz-menschenkinder.de\/index.php?rest_route=%2Fwp%2Fv2%2Fcomments&post=31"}],"version-history":[{"count":15,"href":"https:\/\/www.ev-fmz-menschenkinder.de\/index.php?rest_route=\/wp\/v2\/pages\/31\/revisions"}],"predecessor-version":[{"id":3926,"href":"https:\/\/www.ev-fmz-menschenkinder.de\/index.php?rest_route=\/wp\/v2\/pages\/31\/revisions\/3926"}],"up":[{"embeddable":true,"href":"https:\/\/www.ev-fmz-menschenkinder.de\/index.php?rest_route=\/wp\/v2\/pages\/21"}],"wp:attachment":[{"href":"https:\/\/www.ev-fmz-menschenkinder.de\/index.php?rest_route=%2Fwp%2Fv2%2Fmedia&parent=31"}],"curies":[{"name":"wp","href":"https:\/\/api.w.org\/{rel}","templated":true}]}}