{"id":166,"date":"2012-01-05T10:43:53","date_gmt":"2012-01-05T09:43:53","guid":{"rendered":"http:\/\/www.ev-fmz-menschenkinder.de\/?page_id=166"},"modified":"2016-11-09T14:39:04","modified_gmt":"2016-11-09T13:39:04","slug":"fachstelle-kindertagspflege","status":"publish","type":"page","link":"https:\/\/www.ev-fmz-menschenkinder.de\/?page_id=166","title":{"rendered":"Fachstelle Kindertagespflege"},"content":{"rendered":"<p><strong>Fachstelle f\u00fcr Kindertagespflege der Stadt Sankt Augustin<\/strong><\/p>\n<p>(Auszug aus der Homepage der Stadt Sankt Augustin<br \/>\nhttp:\/\/www.sankt-augustin.de\/cms123\/familie_bildung_soziales\/kindertagesbetreuung\/kindertagespflege\/)<\/p>\n<h4>Die Kindertagespflege ist eine familien\u00e4hnliche Form der Betreuung von Kindern. Die famili\u00e4re und flexible Betreuungsstruktur bietet insbesondere f\u00fcr Kinder unter 3 Jahren ein gutes Fundament um diese nicht nur zu betreuen, sondern auch individuell zu f\u00f6rdern.<\/h4>\n<fieldset>\n<div class=\"float-left\">\n<div class=\"c_wrapper\"><\/div>\n<\/div>\n<p>Gut ausgebildete Tagesm\u00fctter und Tagesv\u00e4ter bieten individuelle Betreuung in ihren Wohnr\u00e4umen, in der Wohnung der Kinder oder auch in anderen geeigneten R\u00e4umen f\u00fcr bis zu f\u00fcnf Kinder.<\/p>\n<p>Die Stadt Sankt Augustin verst\u00e4rkt seit 2009 ihr Vermittlerteam Kindertagespflege durch die Kooperation mit dem <a class=\"FCK__AnchorC FCK__AnchorC FCK__AnchorC FCK__AnchorC FCK__AnchorC FCK__AnchorC FCK__AnchorC FCK__AnchorC\" title=\"Link zu Sozialdienst Katholischer Frauen e.V. \" href=\"http:\/\/www.skf-bonn-rhein-sieg.de\/\" target=\"_blank\" name=\"Link zu Sozialdienst Katholischer Frauen e.V. \">Sozialdienst katholischer Frauen e.V.<\/a><\/p>\n<p>Die Fachberatungen f\u00fcr Kindertagespflege sichern durch das sorgf\u00e4ltig erarbeitete und st\u00e4ndig aktualisierte Qualit\u00e4tskonzept und regelm\u00e4\u00dfige Kontakte und Fortbildungen der Tagespflegepersonen das Betreuungsangebot Kindertagespflege.<\/fieldset>\n<p><strong>Entscheidend f\u00fcr die Zust\u00e4ndigkeit der Vermittlung ist der Anfangsbuchstabe im Nachnamen des Kindes:<\/strong><\/p>\n<p><strong>A &#8211;\u00a0E<\/strong> Carolin Berger,Tel.: 02241\/9230416<\/p>\n<p>E-Mail: <a class=\"FCK__AnchorC FCK__AnchorC FCK__AnchorC FCK__AnchorC FCK__AnchorC FCK__AnchorC FCK__AnchorC FCK__AnchorC\" title=\"Link zu E-Mail-Adresse von Frau Carolin Berger\" href=\"mailto:Carolin.Berger@skf-bonn-rhein-sieg.de\" name=\"Link zu E-Mail-Adresse von Frau Carolin Berger\">Carolin.Berger@skf-bonn-rhein-sieg.de<\/a><\/p>\n<p>K\u00f6lnstra\u00dfe 97, 537575 Sankt Augustin-Hangelar<\/p>\n<p><strong>F &#8211; J<\/strong> Nicole Bak, Tel.: 02241\/9230417<\/p>\n<p>E-Mail: <a title=\"Link zu E-Mail Adresse von Nicole Bak\" href=\"mailto:Nicole.Bak@skf-bonn-rhein-sieg.de\">Nicole.Bak@skf-bonn-rhein-sieg.de<\/a><\/p>\n<p>K\u00f6lnstra\u00dfe 97, 537575 Sankt Augustin-Hangelar<\/p>\n<p><strong>K\u00a0&#8211;\u00a0Q<\/strong> Birgit Bender, Tel.: 02241\/243-420<\/p>\n<p>E-Mail: <a class=\"FCK__AnchorC FCK__AnchorC FCK__AnchorC FCK__AnchorC FCK__AnchorC FCK__AnchorC FCK__AnchorC FCK__AnchorC\" title=\"Link zu E-Mail-Adresse von Frau Birgit Bender\" href=\"mailto:birgit.bender@sankt-augustin.de\" name=\"Link zu E-Mail-Adresse von Frau Birgit Bender\">birgit.bender@sankt-augustin.de\u00a0<\/a><\/p>\n<p><strong>R\u00a0&#8211; Z<\/strong> Gabriele Welsch, Tel.: 02241\/243-478<\/p>\n<p>E-Mail:<a class=\"FCK__AnchorC FCK__AnchorC FCK__AnchorC FCK__AnchorC FCK__AnchorC FCK__AnchorC FCK__AnchorC FCK__AnchorC\" title=\"Link auf E-Mail-Adresse Frau Welsch\" href=\"mailto:gabriele.welsch@sankt-augustin.de\" name=\"Link auf E-Mail-Adresse Frau Welsch\">gabriele.welsch@sankt-augustin.de\u00a0<\/a><\/p>\n<p><strong>Entscheidend f\u00fcr die Zust\u00e4ndigkeit im Rahmen der Beratung und Begleitung, sowie Erwerb einer Pflegeerlaubnis gem\u00e4\u00df \u00a7 43 SGB VIII in der Kindertagespflege, ist die Lage der Tagespflegestelle:<\/strong><\/p>\n<p>Sozialraum Menden und\u00a0Meindorf: Fachberatung Birgit Bender<\/p>\n<p>Tel.: 02241\/243-420 E-Mail: <a title=\"Link zur E-Mail Adresse von Birgit Bender\" href=\"mailto:birgit.bender@sankt-augustin.de\">birgit.bender@sankt-augustin.de<\/a><\/p>\n<p>Sozialraum Birlinghoven, Niederpleis und Buisdorf: Fachberatung Gabriele Welsch<\/p>\n<p>Tel.: 02241\/243-478 E-Mail: <a title=\"Link zur E-Mail Adresse von Gabriele Welsch\" href=\"mailto:gabriele.welsch@sankt-augustin.de\">gabriele.welsch@sankt-augustin.de<\/a><\/p>\n<p>Sozialraum Sankt Augustin Hangelar: Fachberatung\u00a0Carolin Berger<\/p>\n<p>Tel.: 02241\/9230416 E-Mail: <a title=\"Link zur E-Mail Adresse von Carolin Berger\" href=\"mailto:Carolin.Berger@skf-bonn-rhein-sieg.de\">Carolin.Berger@skf-bonn-rhein-sieg.de<\/a><\/p>\n<p>Sozialraum M\u00fclldorf und Ort: Fachberatung\u00a0Nicole Bak<\/p>\n<p>Tel.: 02241\/9230417 E-Mail: <a href=\"mailto:Nicole.Bak@skf-bonn-rhein-sieg.de\">Nicole.Bak@skf-bonn-rhein-sieg.de<\/a><\/p>\n","protected":false},"excerpt":{"rendered":"<p>Fachstelle f\u00fcr Kindertagespflege der Stadt Sankt Augustin (Auszug aus der Homepage der Stadt Sankt Augustin http:\/\/www.sankt-augustin.de\/cms123\/familie_bildung_soziales\/kindertagesbetreuung\/kindertagespflege\/) Die Kindertagespflege ist eine familien\u00e4hnliche Form der Betreuung von Kindern. Die famili\u00e4re und flexible Betreuungsstruktur bietet insbesondere f\u00fcr Kinder unter 3 Jahren ein gutes Fundament um diese nicht nur zu betreuen, sondern auch individuell zu f\u00f6rdern. Gut ausgebildete Tagesm\u00fctter [&hellip;]<\/p>\n","protected":false},"author":20,"featured_media":0,"parent":57,"menu_order":4,"comment_status":"closed","ping_status":"closed","template":"","meta":{"footnotes":""},"class_list":["post-166","page","type-page","status-publish","hentry"],"_links":{"self":[{"href":"https:\/\/www.ev-fmz-menschenkinder.de\/index.php?rest_route=\/wp\/v2\/pages\/166","targetHints":{"allow":["GET"]}}],"collection":[{"href":"https:\/\/www.ev-fmz-menschenkinder.de\/index.php?rest_route=\/wp\/v2\/pages"}],"about":[{"href":"https:\/\/www.ev-fmz-menschenkinder.de\/index.php?rest_route=\/wp\/v2\/types\/page"}],"author":[{"embeddable":true,"href":"https:\/\/www.ev-fmz-menschenkinder.de\/index.php?rest_route=\/wp\/v2\/users\/20"}],"replies":[{"embeddable":true,"href":"https:\/\/www.ev-fmz-menschenkinder.de\/index.php?rest_route=%2Fwp%2Fv2%2Fcomments&post=166"}],"version-history":[{"count":4,"href":"https:\/\/www.ev-fmz-menschenkinder.de\/index.php?rest_route=\/wp\/v2\/pages\/166\/revisions"}],"predecessor-version":[{"id":2987,"href":"https:\/\/www.ev-fmz-menschenkinder.de\/index.php?rest_route=\/wp\/v2\/pages\/166\/revisions\/2987"}],"up":[{"embeddable":true,"href":"https:\/\/www.ev-fmz-menschenkinder.de\/index.php?rest_route=\/wp\/v2\/pages\/57"}],"wp:attachment":[{"href":"https:\/\/www.ev-fmz-menschenkinder.de\/index.php?rest_route=%2Fwp%2Fv2%2Fmedia&parent=166"}],"curies":[{"name":"wp","href":"https:\/\/api.w.org\/{rel}","templated":true}]}}

<p><strong>Fachstelle für Kindertagespflege der Stadt Sankt Augustin</strong></p>
<p>(Auszug aus der Homepage der Stadt Sankt Augustin<br />
http://www.sankt-augustin.de/cms123/familie_bildung_soziales/kindertagesbetreuung/kindertagespflege/)</p>
<h4>Die Kindertagespflege ist eine familienähnliche Form der Betreuung von Kindern. Die familiäre und flexible Betreuungsstruktur bietet insbesondere für Kinder unter 3 Jahren ein gutes Fundament um diese nicht nur zu betreuen, sondern auch individuell zu fördern.</h4>
<fieldset>
<div class="float-left">
<div class="c_wrapper"></div>
</div>
<p>Gut ausgebildete Tagesmütter und Tagesväter bieten individuelle Betreuung in ihren Wohnräumen, in der Wohnung der Kinder oder auch in anderen geeigneten Räumen für bis zu fünf Kinder.</p>
<p>Die Stadt Sankt Augustin verstärkt seit 2009 ihr Vermittlerteam Kindertagespflege durch die Kooperation mit dem <a class="FCK__AnchorC FCK__AnchorC FCK__AnchorC FCK__AnchorC FCK__AnchorC FCK__AnchorC FCK__AnchorC FCK__AnchorC" title="Link zu Sozialdienst Katholischer Frauen e.V. " href="http://www.skf-bonn-rhein-sieg.de/" target="_blank" name="Link zu Sozialdienst Katholischer Frauen e.V. ">Sozialdienst katholischer Frauen e.V.</a></p>
<p>Die Fachberatungen für Kindertagespflege sichern durch das sorgfältig erarbeitete und ständig aktualisierte Qualitätskonzept und regelmäßige Kontakte und Fortbildungen der Tagespflegepersonen das Betreuungsangebot Kindertagespflege.</fieldset>
<p><strong>Entscheidend für die Zuständigkeit der Vermittlung ist der Anfangsbuchstabe im Nachnamen des Kindes:</strong></p>
<p><strong>A &#8211; E</strong> Carolin Berger,Tel.: 02241/9230416</p>
<p>E-Mail: <a class="FCK__AnchorC FCK__AnchorC FCK__AnchorC FCK__AnchorC FCK__AnchorC FCK__AnchorC FCK__AnchorC FCK__AnchorC" title="Link zu E-Mail-Adresse von Frau Carolin Berger" href="mailto:Carolin.Berger@skf-bonn-rhein-sieg.de" name="Link zu E-Mail-Adresse von Frau Carolin Berger">Carolin.Berger@skf-bonn-rhein-sieg.de</a></p>
<p>Kölnstraße 97, 537575 Sankt Augustin-Hangelar</p>
<p><strong>F &#8211; J</strong> Nicole Bak, Tel.: 02241/9230417</p>
<p>E-Mail: <a title="Link zu E-Mail Adresse von Nicole Bak" href="mailto:Nicole.Bak@skf-bonn-rhein-sieg.de">Nicole.Bak@skf-bonn-rhein-sieg.de</a></p>
<p>Kölnstraße 97, 537575 Sankt Augustin-Hangelar</p>
<p><strong>K &#8211; Q</strong> Birgit Bender, Tel.: 02241/243-420</p>
<p>E-Mail: <a class="FCK__AnchorC FCK__AnchorC FCK__AnchorC FCK__AnchorC FCK__AnchorC FCK__AnchorC FCK__AnchorC FCK__AnchorC" title="Link zu E-Mail-Adresse von Frau Birgit Bender" href="mailto:birgit.bender@sankt-augustin.de" name="Link zu E-Mail-Adresse von Frau Birgit Bender">birgit.bender@sankt-augustin.de </a></p>
<p><strong>R &#8211; Z</strong> Gabriele Welsch, Tel.: 02241/243-478</p>
<p>E-Mail:<a class="FCK__AnchorC FCK__AnchorC FCK__AnchorC FCK__AnchorC FCK__AnchorC FCK__AnchorC FCK__AnchorC FCK__AnchorC" title="Link auf E-Mail-Adresse Frau Welsch" href="mailto:gabriele.welsch@sankt-augustin.de" name="Link auf E-Mail-Adresse Frau Welsch">gabriele.welsch@sankt-augustin.de </a></p>
<p><strong>Entscheidend für die Zuständigkeit im Rahmen der Beratung und Begleitung, sowie Erwerb einer Pflegeerlaubnis gemäß § 43 SGB VIII in der Kindertagespflege, ist die Lage der Tagespflegestelle:</strong></p>
<p>Sozialraum Menden und Meindorf: Fachberatung Birgit Bender</p>
<p>Tel.: 02241/243-420 E-Mail: <a title="Link zur E-Mail Adresse von Birgit Bender" href="mailto:birgit.bender@sankt-augustin.de">birgit.bender@sankt-augustin.de</a></p>
<p>Sozialraum Birlinghoven, Niederpleis und Buisdorf: Fachberatung Gabriele Welsch</p>
<p>Tel.: 02241/243-478 E-Mail: <a title="Link zur E-Mail Adresse von Gabriele Welsch" href="mailto:gabriele.welsch@sankt-augustin.de">gabriele.welsch@sankt-augustin.de</a></p>
<p>Sozialraum Sankt Augustin Hangelar: Fachberatung Carolin Berger</p>
<p>Tel.: 02241/9230416 E-Mail: <a title="Link zur E-Mail Adresse von Carolin Berger" href="mailto:Carolin.Berger@skf-bonn-rhein-sieg.de">Carolin.Berger@skf-bonn-rhein-sieg.de</a></p>
<p>Sozialraum Mülldorf und Ort: Fachberatung Nicole Bak</p>
<p>Tel.: 02241/9230417 E-Mail: <a href="mailto:Nicole.Bak@skf-bonn-rhein-sieg.de">Nicole.Bak@skf-bonn-rhein-sieg.de</a></p>

<p>Fachstelle für Kindertagespflege der Stadt Sankt Augustin (Auszug aus der Homepage der Stadt Sankt Augustin http://www.sankt-augustin.de/cms123/familie_bildung_soziales/kindertagesbetreuung/kindertagespflege/) Die Kindertagespflege ist eine familienähnliche Form der Betreuung von Kindern. Die familiäre und flexible Betreuungsstruktur bietet insbesondere für Kinder unter 3 Jahren ein gutes Fundament um diese nicht nur zu betreuen, sondern auch individuell zu fördern. Gut ausgebildete Tagesmütter [&hellip;]</p>
